le of 411?
False
Does 126 divide 1259776783?
False
Does 9005 divide 1065921850?
True
Is 55 a factor of 2688879325?
True
Is 13164110 a multiple of 61?
False
Does 175 divide 299006750?
True
Is 53 a factor of 56902532?
False
Is 173 a factor of 76234090?
False
Is 397471389 a multiple of 54?
False
Does 33 divide 1704437304?
False
Is 251629749 a multiple of 2793?
True
Is 80 a factor of 277970240?
True
Is 80 a factor of 16882640?
True
Does 18 divide 10060339?
False
Does 504 divide 22843296?
True
Is 8 a factor of 1105286480?
True
Is 257825547 a multiple of 7?
True
Does 361 divide 70168847?
False
Is 66120078 a multiple of 28?
False
Is 27 a factor of 25244271?
True
Is 9334878 a multiple of 57?
False
Does 301 divide 18600596?
True
Is 1021007940 a multiple of 38?
True
Is 51 a factor of 11581641?
True
Is 272837730 a multiple of 15?
True
Does 50 divide 246064469?
False
Is 180 a factor of 43470000?
True
Is 394992890 a multiple of 5?
True
Is 18 a factor of 87516198?
True
Is 862127175 a multiple of 525?
True
Does 29 divide 471786747?
False
Is 260 a factor of 50759020?
True
Is 5710006 a multiple of 114?
False
Is 586342869 a multiple of 2703?
True
Is 257935783 a multiple of 96?
False
Does 68 divide 3653370151?
False
Does 473 divide 2424257440?
True
Is 1891 a factor of 228287193?
True
Is 7092278 a multiple of 30?
False
Does 13 divide 67964523?
False
Is 8 a factor of 1178128760?
True
Does 1220 divide 381362666?
False
Is 793 a factor of 1817338871?
False
Is 8262500 a multiple of 661?
True
Is 276307768 a multiple of 8?
True
Is 36 a factor of 2720755839?
False
Is 1599478884 a multiple of 554?
True
Does 59 divide 35976250?
False
Is 190 a factor of 236849567?
False
Is 110 a factor of 39268350?
True
Does 109 divide 157992910?
False
Is 112 a factor of 2563578304?
True
Does 230 divide 50895780?
True
Is 37 a factor of 55787900?
False
Is 10 a factor of 8313030?
True
Is 2793 a factor of 2735106?
False
Does 1815 divide 70334880?
True
Does 6568 divide 1754797364?
False
Does 4 divide 4107073?
False
Is 1388076778 a multiple of 463?
True
Does 1908 divide 21302193?
False
Is 117558630 a multiple of 1202?
False
Is 7092975 a multiple of 30?
False
Is 2677845174 a multiple of 906?
True
Is 39602077 a multiple of 3?
False
Is 11 a factor of 407216106?
True
Is 74476677 a multiple of 561?
True
Is 220 a factor of 8306760?
True
Is 61117705 a multiple of 95?
False
Is 53475036 a multiple of 337?
False
Is 82252133 a multiple of 3726?
False
Is 473896422 a multiple of 18?
True
Does 103 divide 222008260?
True
Is 3190010420 a multiple of 443?
False
Is 56616862 a multiple of 144?
False
Does 1207 divide 215976959?
True
Is 68281860 a multiple of 36?
False
Does 23 divide 40342368?
True
Does 4 divide 20405563?
False
Is 22630288 a multiple of 4?
True
Does 550 divide 183375925?
False
Is 135 a factor of 27912776?
False
Is 34552168 a multiple of 28?
True
Is 27 a factor of 181904608?
False
Does 404 divide 84961561?
False
Is 488608729 a multiple of 7?
True
Does 4 divide 82303212?
True
Does 9 divide 188429859?
True
Is 13 a factor of 175459715?
False
Is 109 a factor of 39790971?
False
Is 215579621 a multiple of 5?
False
Does 13 divide 27593085?
True
Does 15 divide 357236685?
True
Does 43 divide 68091317?
True
Is 32 a factor of 2065256745?
False
Does 224 divide 131064036?
False
Is 96 a factor of 18982125?
False
Does 21 divide 626234?
False
Is 3412 a factor of 541388864?
True
Is 24769692 a multiple of 3?
True
Is 60 a factor of 16345980?
True
Is 2133 a factor of 43799745?
False
Is 2164 a factor of 85051355?
False
Does 3689 divide 6884736432?
True
Does 42 divide 96282186?
True
Is 81245776 a multiple of 6?
False
Does 56 divide 10084200?
True
Does 169 divide 373666605?
True
Is 59705446 a multiple of 29?
False
Is 63095814 a multiple of 1293?
True
Is 83872602 a multiple of 18?
True
Is 4448 a factor of 894888672?
True
Is 193233688 a multiple of 221?
False
Is 20 a factor of 55551803?
False
Does 55 divide 294491960?
False
Is 208947900 a multiple of 2555?
True
Does 105 divide 62142517?
False
Is 352 a factor of 193652240?
False
Is 337935719 a multiple of 206?
False
Does 71 divide 11184399?
False
Does 16 divide 1783165856?
True
Is 595627700 a multiple of 155?
False
Is 1105881093 a multiple of 1780?
False
Does 252 divide 1615626360?
False
Is 15 a factor of 9647467?
False
Is 9882317 a multiple of 324?
False
Is 3209502325 a multiple of 203?
False
Does 18995 divide 5663807487?
False
Does 636 divide 78385092?
True
Is 189 a factor of 456442371?
True
Is 2180 a factor of 65987956?
False
Is 11 a factor of 19559882?
False
Does 230 divide 61485214?
False
Is 200 a factor of 58664400?
True
Is 5714290 a multiple of 1390?
True
Does 1910 divide 1355629639?
False
Does 2817 divide 537813189?
True
Is 64792349 a multiple of 267?
False
Is 14428920 a multiple of 3215?
True
Does 5 divide 342806864?
False
Is 24725191 a multiple of 61?
True
Is 14066732 a multiple of 8?
False
Does 6 divide 47737657?
False
Does 202 divide 1009711103?
False
Is 274898688 a multiple of 12?
True
Does 5226 divide 909477189?
False
Does 67 divide 14646891?
False
Is 707 a factor of 1708632636?
False
Is 186 a factor of 769693668?
True
Does 305 divide 21746500?
True
Is 99460033 a multiple of 149?
True
Is 841608741 a multiple of 2158?
False
Is 3299612 a multiple of 4?
True
Does 12 divide 392142937?
False
Is 427 a factor of 10433082?
False
Is 1901 a factor of 29976067?
False
Is 222716414 a multiple of 1964?
False
Is 352 a factor of 44707790?
False
Is 140630016 a multiple of 256?
True
Does 252 divide 1984267?
False
Does 6 divide 14850330?
True
Is 684640 a multiple of 20?
True
Is 298808419 a multiple of 1242?
False
Is 4758 a factor of 587479776?
True
Does 37 divide 110994321?
False
Does 31 divide 63844246?
False
Does 697 divide 1326356847?
True
Does 18 divide 100220667?
False
Is 30341560 a multiple of 310?
True
Is 47 a factor of 2149094714?
False
Is 43997101 a multiple of 11?
False
Is 100307259 a multiple of 333?
True
Does 6313 divide 33465024?
False
Does 72 divide 2929641552?
True
Is 243811124 a multiple of 1335?
False
Does 1721 divide 469091249?
True
Is 39441338 a multiple of 329?
False
Is 541905892 a multiple of 7612?
True
Is 22 a factor of 5238505135?
False
Is 1429 a factor of 1353300154?
True
Does 23 divide 19739516?
False
Does 3154 divide 217014337?
False
Is 147653245 a multiple of 552?
False
Is 35 a factor of 674865870?
True
Is 215 a factor of 361648490?
True
Does 14 divide 93007238?
False
Is 187 a factor of 648554709?
True
Does 35 divide 248579769?
False
Does 709 divide 1938120982?
True
Does 687 divide 1963230?
False
Does 5 divide 14340751?
False
Is 894488448 a multiple of 534?
True
Is 171 a factor of 2598596?
False
Is 599 a factor of 204243695?
False
Is 331197309 a multiple of 69?
True
Does 224 divide 29530870?
False
Is 64 a factor of 163829160?
False
Is 667 a factor of 221060475?
True
Is 22 a factor of 27555647?
False
Is 162 a factor of 6113718?
True
Is 19 a factor of 11656666?
False
Is 109 a factor of 823248333?
True
Does 743 divide 4085588854?
False
Is 366 a factor of 3418440?
True
Is 3738925 a multiple of 431?
True
Is 50962366 a multiple of 182?
True
Is 41 a factor of 6683049?
False
Is 4 a factor of 63016229?
False
Is 8 a factor of 250088520?
True
Does 3 divide 13114764?
True
Is 16 a factor of 863561539?
False
Does 269 divide 166198841?
False
Is 90705331 a multiple of 15?
False
Is 37 a factor of 52701884?
False
Is 879 a factor of 32874134?
False
Does 1924 divide 252067088?
True
Is 36 a factor of 256689135?
False
Is 5711805 a multiple of 165?
True
Does 122 divide 31632892?
True
Does 12 divide 867220872?
True
Is 4176735894 a multiple of 6?
True
Is 1128 a factor of 5612567040?
True
Is 38541230 a multiple of 35?
True
Is 1156 a factor of 26885092?
True
Does 5266 divide 329297219?
False
Does 858 divide 607872375?
False
Does 1216 divide 136226048?
True
Is 145278624 a multiple of 48?
True
Is 3080524 a multiple of 749?
False
Is 23326716 a multiple of 959?
True
Is 236 a factor of 253869920?
True
Is 600926592 a multiple of 6272?
True
Is 18 a factor of 604581066?
True
Does 3050 divide 1387762200?
True
Is 63 a factor of 56814479?
False
Is 506 a factor of 37889280?
True
Is 1674886 a multiple of 4?
False
Is 66038151 a multiple of 544?
False
Is 3663 a factor of 63336506?
False
Is 